 33 + -32. Suppose -5 = -2*l - w. Suppose -155 - 177 = -l*m. Is m a composite number?
True
Let c(j) = 22*j**2 + 7*j + 1. Let i be c(-8). Suppose -4*h + 5*v - 141 + i = 0, -2*h + v = -600. Suppose -h = -0*q - 2*q. Is q a prime number?
True
Let p be (-4035)/3*(6 + -7). Let d = 2098 - p. Is d a prime number?
False
Is (-408715)/(-9) + (-4)/(-18) prime?
True
Let d(p) = 29*p + 2. Let i be 1/(-2)*26/1. Let a be i/(-1) + 3 + -3. Is d(a) a composite number?
False
Let m(o) = 2*o - o - 13*o + 2. Let k be m(5). Let q = k - -147. Is q a prime number?
True
Is 77971/7 + 8 - 6/(-21) prime?
False
Is (4/(-6))/(4/(-25626)) composite?
False
Suppose f = 5*p + 2*f - 795, 0 = -2*p + 4*f + 296. Let m = 249 + p. Is m a prime number?
False
Suppose z + 1 = f + 6, -f + 7 = 2*z. Suppose -8*n = -z*n - 716. Let a = n + -110. Is a prime?
False
Suppose y + 0*y = -5*c + 40, 4*c - 32 = 3*y. Suppose 5*j - c*j = -15. Suppose -73 = -j*z + 22. Is z a composite number?
False
Let y = 128 - -95. Suppose 1491 = 3*s + 3*k, -s - 2*k + y = -279. Suppose 546 = 2*n - s. Is n a composite number?
True
Suppose 0 = 620*y - 614*y - 95994. Is y a prime number?
False
Let z = 0 + 0. Is (3910/(-5))/(-2) - z a prime number?
False
Suppose -w - k - 3 + 5 = 0, 3*w = 5*k + 46. Let z = -113 + 332. Suppose -z = -b + 5*j, -3*b - 876 = -w*b - 5*j. Is b a prime number?
False
Let h = 22 + -20. Suppose -h*q - 874 = -3*q - 3*v, v - 4356 = -5*q. Is q composite?
True
Let y = 69 + 326. Is 1*y*(-7 + 8) a composite number?
True
Let n = -571 + 808. Let g = n - 148. Is g prime?
True
Is (-11052)/(-84) + (-16)/28 composite?
False
Suppose -3*u = -y - 371, 3*u + 411 + 1088 = -4*y. Let g = -770 - y. Let c = g - -847. Is c prime?
False
Suppose -2*b + 4 = -7*n + 3*n, -n + 2 = 0. Let a(v) = 3*v**3 + 5*v**2 + 15*v - 7. Is a(b) composite?
False
Let w(z) = z**2 + z - 19. Suppose l - 6*l - 10 = 0. Let n be 8/l - (-26 - -7). Is w(n) composite?
True
Let z(j) = j**3 + 20*j**2 + 28*j + 40. Let n be z(-18). Suppose -k - 2*r + 0*r = -46, 4*k - n = 3*r. Is k a prime number?
False
Suppose -23*g + 21387 = 2504. Is g composite?
False
Let v = -2077 + 4135. Suppose -4*l + 534 = v. Is (2 - 0)/((-2)/l) a prime number?
False
Let d(a) = 2 + 11*a**3 - 11*a + 4 + 5*a**2 + 1 + 4. Is d(6) a composite number?
True
Suppose -48*u - 24908 = -52*u. Is u a composite number?
True
Let k be (-1 - -16)/((-6)/(-2)). Suppose -3 = k*i - 4*d, -d + 2*d = 4*i + 9. Is i + (145 - -3) + 1 a prime number?
False
Suppose f - 2*g = 10, -5*f + 2*g + 2 = -16. Suppose -5*p + 460 = -f*n, -3*p + 267 = -n - 2*n. Is p prime?
False
Let h(l) = 19*l + 18. Let w be h(13). Let c = w - 102. Let p = c - 96. Is p a composite number?
False
Suppose -t - 1870 = -2*n + 3009, 5*t = -3*n + 7299. Let r = -1395 + n. Is r prime?
False
Suppose 2*j = 4, 5*l = -3*j + 10 - 4. Let c(i) be the third derivative of i**6/120 - i**4/24 + 37*i**3/3 - i**2. Is c(l) prime?
False
Let l be -4 + (-1)/((3/(-3))/8). Suppose -2*g + 3*g = 1875. Suppose -7 + g = l*x. Is x a prime number?
True
Let x(u) = 33*u - 5. Let f(t) = 34*t - 4. Let p(r) = 5*f(r) - 6*x(r). Is p(-12) a composite number?
True
Suppose 8*l - 937 = -3633. Is 2/2*-3 + l/(-1) prime?
False
Let l(n) = 85*n**3 + n**2 - n. Suppose 2*m - 5*m - 2*q + 1 = 0, 5*q + 4 = -m. Is l(m) a composite number?
True
Let d = -1217 - -1748. Suppose 0 = 3*z + 2*k - 1109, 2*z - d = -k + 210. Is z composite?
False
Is 2/10*((14 - 10) + 29061) a composite number?
False
Suppose -2*l + 4*v = -0*v + 20, 25 = 5*l + 5*v. Let c(n) = n - 12*n**3 + 21*n**3 - 8*n**3 + n**2 + 77. Is c(l) composite?
True
Suppose 304240 + 61945 = 5*f + 4*l, 5*l = 0. Is f composite?
False
Let i = 4652 - -7967. Is i prime?
True
Suppose 15754 = 2*a + 2*j, -4*a - 3*j + 39377 = a. Is a composite?
False
Let t(j) = 52453*j - 37. Is t(2) a composite number?
False
Let q(z) = z**3 - 6*z**2 + 5. Let j be q(6). Suppose -1473 = -j*w - 2*l, -w + 0*w + 277 = -4*l. Is w a prime number?
True
Suppose -135 = -3*k + 2*a + 399, 5*k + 4*a - 912 = 0. Is 40/k + 5360/18 prime?
False
Suppose -4*z - 9 - 15 = 0. Let f = -1 - z. Suppose 10 = -b + f*r + 155, 5*r = 0. Is b a prime number?
False
Let c(z) = -z**3 - 25*z**2 + 41*z - 66. Is c(-31) composite?
True
Let g(w) = 8*w**3 + 4*w**2 - 8*w - 1. Is g(6) a prime number?
True
Let i = 112 - 78. Let y be i*(-2)/8*-6. Let b = 185 - y. Is b a composite number?
True
Let m = -40819 + 90822. Is m composite?
True
Suppose 0 = -j + 4*j + 12. Is 78/21 + j + 6906/14 prime?
False
Is 436760/24 + 8/(-6) a composite number?
True
Let f(z) = 3*z - 13 + 12*z**2 + 12*z - 2*z - 2*z. Let i be 6*(1 + (1 - 1)). Is f(i) a prime number?
False
Suppose 4*j - 5*y = 7341, 4*y = -j + 941 + 868. Is j a composite number?
True
Let b(k) = 160*k - 4. Let t be b(5). Suppose 0 = 4*g - t + 228. Let x = g + -63. Is x prime?
True
Let w be 1/(3/(-4 + 1)). Let g = w - -7. Suppose -g*t + 362 = 2*b - t, -b - 5*t = -171. Is b prime?
True
Let h(i) = -2*i**2 + 10*i - 6. Let t be h(6). Let x(w) = -187*w + 61. Is x(t) a composite number?
True
Suppose v - 2897 = 5*o, -9*v - 3*o = -2*o - 26073. Is v a composite number?
False
Let v(c) = -c - 6. Let l(b) = b**2 - 18*b + 15. Let t be l(17). Let n be v(t). Is (-658)/n - (-60)/(-40) a prime number?
True
Suppose 48 = -5*h - 62. Is 89721/33 - 4/h a composite number?
False
Let s(z) = 581*z + 248. Is s(21) composite?
True
Let b(y) = -y**3 - 6*y**2 - 9*y - 3. Let n be b(-6). Suppose -3*t - 45 = -6*t. Suppose 0 = -3*p - t, -2*q + p = -4*p - n. Is q a composite number?
False
Suppose -40*a + 42*a - 4860 = -5*g, -3*a + g + 7307 = 0. Is a prime?
False
Let l(b) = 6*b**2 + 8*b + 9. Suppose 0 = -5*j + 2*j - 18. Is l(j) prime?
False
Suppose -4*p = -151 - 209. Suppose p = -3*r + 303. Is r prime?
True
Suppose 7*x - 8*x + 1068 = 0. Suppose 0 = 4*r - 0*r - x. Let g = r + -152. Is g a composite number?
True
Let j = -471 - -683. Suppose 4*p = 60 - 44. Suppose -p*t + j = 4*h, -5*h + 0*h = -2*t - 279. Is h prime?
False
Let w = -48 + 119. Suppose 0 = -q - 3*c + w, -q + 34 = 4*c - 39. Is q composite?
True
Is (-3)/9 - ((-691600)/6)/5 a composite number?
False
Suppose -3*v = -5*t - 18 - 6, t + 3 = 0. Suppose -5*r + 1866 = 2*z, v*r - r - 3*z = 754. Suppose -23*j + r = -21*j. Is j prime?
False
Suppose -g = 5, -4*l - 22*g + 20*g + 21522 = 0. Is l composite?
True
Let b(l) = 48*l - 5. Let u = 37 - 35. Is b(u) a composite number?
True
Suppose 0 = 2*u + 3*u - 4*w - 35, -5*w = -4*u + 37. Suppose c = u*c - 314. Is c a composite number?
False
Suppose 4*c - 8 = 0, -23*w - 4*c - 3118 = -25*w. Is w prime?
False
Let k = 90 + -88. Suppose -2*m = 4*o - 6608, -5*m = -k*o - 2*o + 6594. Is o composite?
True
Let u(r) = -27*r - 21. Let a be (((-9)/2)/3)/(9/60). Is u(a) a composite number?
True
Let x(v) = 3 + 72*v - 72*v - 2 + 66*v**2. Is x(-1) a prime number?
True
Suppose -220799 = -5*w - 2*n, 65*w = 63*w - 4*n + 88326. Is w a composite number?
False
Let s(p) = 22*p**2 + 3*p + 43. Is s(12) prime?
False
Let o(m) = 10*m - 1. Let z = -28 + 49. Let b = z + -13. Is o(b) a composite number?
False
Suppose -3*y + 20 = -9733. Is y a composite number?
False
Let f(h) = -h**3 - 5*h**2 - 3*h + 3. Let r be f(5). Let i = r - -515. Is i a composite number?
True
Let y(n) = -n**2 - 8*n + 3. Let v be y(-8). Suppose -4*k - v*o = -1042, o + 3*o - 267 = -k. Is k prime?
False
Suppose 108 + 239 = j. Suppose -3*r + 232 = -j. Suppose 49 + r = 2*u. Is u prime?
False
Suppose -4 = -3*v - 1. Let g be -4*12/(-16) + v. Suppose 779 = -2*s + 7*s - 3*j, 4*s - 636 = -g*j. Is s a composite number?
False
Let w(y) = -705*y + 4. Is w(-3) composite?
True
Let a(u) = -u**3 - 4*u**2 + u - 2. Let l be a(-4). Let v be 1/((-3)/(-2))*l. Is (v/6)/((-6)/1035) a prime number?
False
Let g(x) = 32*x - 15. Let z be g(-5). Let n = -48 - z. Is n composite?
False
Suppose 0 = 2*v - r - 47739, 95473 = -110*v + 114*v - r. Is v composite?
True
Let d(l) = 86*l**3 + l**2 + 2*l - 3. Let p be d(4). Suppose 0 = -9*m + p - 1214. Is m prime?
True
Let t be (55/20)/((-1)/4). Let d(u) = u**2 + 11*u + 4. Let f be d(t). Suppose 4*b - f*x - 756 = 0, -2*b = x - 0*x - 384. Is b a composite number?
False
Let z = 2 + 0. Suppose 3 - 9 = -z*j. Suppose j*f + f = 1492. Is f a prime number?
True
Let y(m) = 2*m**2 + 3. Suppose -3*s = -s - 8. Let i be y(s). Let f = i - -24. Is f composite?
False
Let j(u) = 692*u + 15.